{"id":10,"date":"2014-10-14T21:25:36","date_gmt":"2014-10-15T03:25:36","guid":{"rendered":"http:\/\/itsloreto.edu.mx\/principal\/ingenieria-industrial\/"},"modified":"2021-06-14T10:36:07","modified_gmt":"2021-06-14T15:36:07","slug":"ingenieria-industrial","status":"publish","type":"page","link":"https:\/\/itsloreto.edu.mx\/principal\/ingenieria-industrial\/","title":{"rendered":"INGENIER\u00cdA INDUSTRIAL"},"content":{"rendered":"\n<div class=\"wp-block-group\"><div class=\"wp-block-group__inner-container is-layout-flow wp-block-group-is-layout-flow\">\n<div class=\"wp-block-group\"><div class=\"wp-block-group__inner-container is-layout-flow wp-block-group-is-layout-flow\">\n<h1 class=\"MsoNormal\"><img loading=\"lazy\" decoding=\"async\" class=\" wp-image-738 alignleft\" src=\"https:\/\/itsloreto.edu.mx\/principal\/wp-content\/uploads\/2021\/02\/LOGO.jpg\" alt=\"\" width=\"188\" height=\"173\"><\/h1>\n<h2>OBJETIVO GENERAL<\/h2>\n<p>Formar profesionales, \u00e9ticos, l\u00edderes, creativos y emprendedores en el \u00e1rea de Ingenier\u00eda Industrial; competente para dise\u00f1ar, implantar, administrar, innovar y optimizar sistemas de producci\u00f3n de bienes y servicios; con enfoque sist\u00e9mico y sustentable en un entorno global.&nbsp;<\/p>\n<h2>&nbsp;<\/h2>\n<h2>PERFIL DE INGRESO<\/h2>\n<ul>\n<li>Tener un sentido cr\u00edtico de la realidad, razonamiento l\u00f3gico y analista ante cualquier situaci\u00f3n<\/li>\n<li>Creativa con pensamiento de innovaci\u00f3n, capaz de confiar en que todo puede ser sujeto a mejorar, habilidad de relaci\u00f3n con la finalidad de crear trabajo en equipo.<\/li>\n<li>Debe tener clara una visi\u00f3n por la investigaci\u00f3n y la experimentaci\u00f3n sobre formas nuevas de alcanzar la calidad y la productividad en la industria (aplicaci\u00f3n de mejora continua).<\/li>\n<li>Tener conocimientos previos sobre f\u00edsica, qu\u00edmica, Matem\u00e1ticas, Probabilidad y Estad\u00edstica.<\/li>\n<li>En lo posible contar con perfil Fisicomatem\u00e1tico de bachillerato.<\/li>\n<li>Promedio general del bachillerato del 7 (o su equivalente a 70)<\/li>\n<\/ul>\n<h2>PERFIL DE EGRESO<\/h2>\n<ul>\n<li>Dise\u00f1a, mejora e integra sistemas productivos de bienes y servicios aplicando tecnolog\u00edas para su optimizaci\u00f3n.<\/li>\n<li>Dise\u00f1a, implementa y mejora sistemas de trabajo para elevar la productividad.<\/li>\n<li>Implanta sistemas de calidad utilizando m\u00e9todos estad\u00edsticos para mejorar la competitividad de las organizaciones.<\/li>\n<li>Administra sistemas de mantenimiento en procesos de bienes y servicios para la optimizaci\u00f3n en el uso de los recursos.<\/li>\n<li>Gestiona sistemas de seguridad, salud ocupacional de manera sustentable, en sistemas productivos de bienes y servicios atendiendo los lineamientos legales<\/li>\n<li>Formula, eval\u00faa y gestiona proyectos de inversi\u00f3n, sociales y de transferencia de tecnolog\u00eda para el desarrollo regional.<\/li>\n<\/ul>\n<p class=\"MsoNormal\"><img loading=\"lazy\" decoding=\"async\" class=\" wp-image-9 aligncenter\" src=\"http:\/\/itsloreto.edu.mx\/principal\/wp-content\/uploads\/2014\/10\/11136730_10204001417862797_229754974840831210_n.jpg\" alt=\"\" width=\"474\" height=\"266\" srcset=\"https:\/\/itsloreto.edu.mx\/principal\/wp-content\/uploads\/2014\/10\/11136730_10204001417862797_229754974840831210_n.jpg 960w, https:\/\/itsloreto.edu.mx\/principal\/wp-content\/uploads\/2014\/10\/11136730_10204001417862797_229754974840831210_n-300x169.jpg 300w, https:\/\/itsloreto.edu.mx\/principal\/wp-content\/uploads\/2014\/10\/11136730_10204001417862797_229754974840831210_n-768x432.jpg 768w\" sizes=\"auto, (max-width: 474px) 100vw, 474px\" \/><\/p>\n<\/div><\/div>\n<\/div><\/div>\n\n\n\n<figure class=\"wp-block-image size-large is-style-zoooom\"><img loading=\"lazy\" decoding=\"async\" width=\"1024\" height=\"715\" src=\"https:\/\/itsloreto.edu.mx\/principal\/wp-content\/uploads\/2021\/06\/reticula-industrial-2021-1024x715.png\" alt=\"\" class=\"wp-image-806\" srcset=\"https:\/\/itsloreto.edu.mx\/principal\/wp-content\/uploads\/2021\/06\/reticula-industrial-2021-1024x715.png 1024w, https:\/\/itsloreto.edu.mx\/principal\/wp-content\/uploads\/2021\/06\/reticula-industrial-2021-300x209.png 300w, https:\/\/itsloreto.edu.mx\/principal\/wp-content\/uploads\/2021\/06\/reticula-industrial-2021-768x536.png 768w, https:\/\/itsloreto.edu.mx\/principal\/wp-content\/uploads\/2021\/06\/reticula-industrial-2021-1536x1072.png 1536w, https:\/\/itsloreto.edu.mx\/principal\/wp-content\/uploads\/2021\/06\/reticula-industrial-2021.png 1656w\" sizes=\"auto, (max-width: 1024px) 100vw, 1024px\" \/><\/figure>\n","protected":false},"excerpt":{"rendered":"<p>OBJETIVO GENERAL Formar profesionales, \u00e9ticos, l\u00edderes, creativos y emprendedores en el \u00e1rea de Ingenier\u00eda Industrial; competente para dise\u00f1ar, implantar, administrar, innovar y optimizar sistemas de producci\u00f3n de bienes y servicios;&#8230;<\/p>\n<div class=\"more-link-wrapper\"><a class=\"more-link\" href=\"https:\/\/itsloreto.edu.mx\/principal\/ingenieria-industrial\/\">Leer m\u00e1s<span class=\"screen-reader-text\">INGENIER\u00cdA INDUSTRIAL<\/span><\/a><\/div>\n","protected":false},"author":1,"featured_media":0,"parent":0,"menu_order":0,"comment_status":"closed","ping_status":"closed","template":"","meta":{"footnotes":""},"class_list":["post-10","page","type-page","status-publish","hentry","excerpt"],"_links":{"self":[{"href":"https:\/\/itsloreto.edu.mx\/principal\/wp-json\/wp\/v2\/pages\/10","targetHints":{"allow":["GET"]}}],"collection":[{"href":"https:\/\/itsloreto.edu.mx\/principal\/wp-json\/wp\/v2\/pages"}],"about":[{"href":"https:\/\/itsloreto.edu.mx\/principal\/wp-json\/wp\/v2\/types\/page"}],"author":[{"embeddable":true,"href":"https:\/\/itsloreto.edu.mx\/principal\/wp-json\/wp\/v2\/users\/1"}],"replies":[{"embeddable":true,"href":"https:\/\/itsloreto.edu.mx\/principal\/wp-json\/wp\/v2\/comments?post=10"}],"version-history":[{"count":4,"href":"https:\/\/itsloreto.edu.mx\/principal\/wp-json\/wp\/v2\/pages\/10\/revisions"}],"predecessor-version":[{"id":808,"href":"https:\/\/itsloreto.edu.mx\/principal\/wp-json\/wp\/v2\/pages\/10\/revisions\/808"}],"wp:attachment":[{"href":"https:\/\/itsloreto.edu.mx\/principal\/wp-json\/wp\/v2\/media?parent=10"}],"curies":[{"name":"wp","href":"https:\/\/api.w.org\/{rel}","templated":true}]}}