{"id":16,"date":"2014-10-14T21:31:16","date_gmt":"2014-10-15T03:31:16","guid":{"rendered":"http:\/\/itsloreto.edu.mx\/principal\/ingenieria-en-gestion-empresarial\/"},"modified":"2016-02-16T15:18:43","modified_gmt":"2016-02-16T21:18:43","slug":"ingenieria-en-gestion-empresarial","status":"publish","type":"page","link":"https:\/\/itsloreto.edu.mx\/principal\/ingenieria-en-gestion-empresarial\/","title":{"rendered":"Ingenier\u00eda en gesti\u00f3n empresarial"},"content":{"rendered":"<p class=\"MsoNormal\">\n<h1 class=\"MsoNormal\" style=\"text-align: left;\"><span style=\"line-height: 1.3em;\"><img loading=\"lazy\" decoding=\"async\" class=\" size-full wp-image-14\" src=\"http:\/\/itsloreto.edu.mx\/principal\/wp-content\/uploads\/2014\/10\/ige.jpeg\" alt=\"\" width=\"147\" height=\"147\" srcset=\"https:\/\/itsloreto.edu.mx\/principal\/wp-content\/uploads\/2014\/10\/ige.jpeg 300w, https:\/\/itsloreto.edu.mx\/principal\/wp-content\/uploads\/2014\/10\/ige-150x150.jpeg 150w, https:\/\/itsloreto.edu.mx\/principal\/wp-content\/uploads\/2014\/10\/ige-60x60.jpeg 60w\" sizes=\"auto, (max-width: 147px) 100vw, 147px\" \/>\u00a0Objetivo de\u00a0la carrera \u00a0 \u00a0\u00a0 \u00a0 \u00a0 \u00a0 \u00a0 \u00a0 \u00a0 \u00a0<\/span><\/h1>\n<p class=\"MsoNormal\">Formar integralmente profesionales que contribuyan a la gesti\u00f3n de empresas e innovaci\u00f3n de procesos; as\u00ed como al dise\u00f1o, implementaci\u00f3n y desarrollo de sistemas estrat\u00e9gicos de negocios, optimizando recursos en un entorno global, con \u00e9tica y responsabilidad social.<\/p>\n<h1 class=\"MsoNormal\">Perfil de ingreso<\/h1>\n<ul>\n<li class=\"MsoNormal\">El alumno aspirante a cursar la carrera de Ingenier\u00eda en Gesti\u00f3n Empresarial, debe cumplir con:<\/li>\n<li class=\"MsoNormal\">Haber cursado el bachillerato de Contabilidad, Administraci\u00f3n, Ingenier\u00eda o equivalente.<\/li>\n<li class=\"MsoNormal\">Amplio sentido pr\u00e1ctico.<\/li>\n<li class=\"MsoNormal\">Capacidad de razonamiento.<\/li>\n<li class=\"MsoNormal\">Capacidad de Abstracci\u00f3n.<\/li>\n<li class=\"MsoNormal\">Sentido de la organizaci\u00f3n y el m\u00e9todo.<\/li>\n<li class=\"MsoNormal\">Capacidad de creaci\u00f3n e innovaci\u00f3n.<\/li>\n<li class=\"MsoNormal\">Planificador.<\/li>\n<\/ul>\n<h1 class=\"MsoNormal\">Perfil de egreso<\/h1>\n<ul>\n<li class=\"MsoNormal\">Desarrollar y aplicar habilidades directivas y la ingenier\u00eda en el dise\u00f1o, creaci\u00f3n, gesti\u00f3n, desarrollo, fortalecimiento e innovaci\u00f3n de las organizaciones, con una orientaci\u00f3n sist\u00e9mica y sustentable para la toma de decisiones en forma efectiva<\/li>\n<li class=\"MsoNormal\">Dise\u00f1ar e innovar estructuras administrativas y procesos, con base en las necesidades de las organizaciones para competir eficientemente en mercados globales.<\/li>\n<li class=\"MsoNormal\">Gestionar eficientemente los recursos de la organizaci\u00f3n con visi\u00f3n compartida, con el fin de suministrar bienes y servicios de calidad<\/li>\n<li class=\"MsoNormal\">Aplicar m\u00e9todos cuantitativos y cualitativos para el an\u00e1lisis e interpretaci\u00f3n de datos y modelado de sistemas, en los procesos organizacionales para la mejora continua, atendiendo est\u00e1ndares de calidad mundial.<\/li>\n<li class=\"MsoNormal\">Dise\u00f1ar, evaluar y emprender nuevos negocios y proyectos empresariales, que promuevan el desarrollo sustentable y la responsabilidad social, en un mercado competitivo.<\/li>\n<li class=\"MsoNormal\">Dise\u00f1ar e implementar estrategias de mercadotecnia basadas en informaci\u00f3n recopilada de fuentes primarias y secundarias del consumidor o usuario de alg\u00fan producto, de acuerdo a oportunidades y amenazas del mercado.<\/li>\n<li class=\"MsoNormal\">Establecer programas para el fortalecimiento de la seguridad e higiene en las organizaciones.<\/li>\n<li class=\"MsoNormal\">Gestionar sistemas integrales de calidad, ejerciendo un liderazgo efectivo y un compromiso \u00e9tico, aplicando las herramientas b\u00e1sicas de la ingenier\u00eda.<\/li>\n<li class=\"MsoNormal\">Interpretar y aplicar normas legales que incidan en la creaci\u00f3n y desarrollo de las organizaciones.<\/li>\n<li class=\"MsoNormal\">Integrar, dirigir y desarrollar equipos de trabajo para la mejora continua y el crecimiento integral de las organizaciones.<\/li>\n<li class=\"MsoNormal\">Analizar e interpretar la informaci\u00f3n financiera para detectar oportunidades de mejora e inversi\u00f3n en un mundo global, que incidan en la rentabilidad del negocio.<\/li>\n<li class=\"MsoNormal\">Utilizar las nuevas tecnolog\u00edas de informaci\u00f3n en la organizaci\u00f3n, para optimizar los procesos de comunicaci\u00f3n y eficientar la toma de decisiones.<\/li>\n<li class=\"MsoNormal\">Propiciar el desarrollo del capital humano, para la realizaci\u00f3n de los objetivos organizacionales, dentro de un marco \u00e9tico y un contexto multicultural.<\/li>\n<li class=\"MsoNormal\">Aplicar m\u00e9todos de investigaci\u00f3n para desarrollar e innovar sistemas, procesos y productos en las diferentes dimensiones de la organizaci\u00f3n.<\/li>\n<li class=\"MsoNormal\">Gestionar la cadena de suministros de las organizaciones con un enfoque orientado a procesos.<\/li>\n<li><span style=\"font-size: 11.0pt; line-height: 115%; font-family: 'Calibri','sans-serif'; mso-ascii-theme-font: minor-latin; mso-fareast-font-family: Calibri; mso-fareast-theme-font: minor-latin; mso-hansi-theme-font: minor-latin; mso-bidi-font-family: 'Times New Roman'; mso-bidi-theme-font: minor-bidi; mso-ansi-language: ES-MX; mso-fareast-language: EN-US; mso-bidi-language: AR-SA;\">Analizar e interpretar la econom\u00eda global para facilitar la toma de decisiones en la organizaci\u00f3n.<\/span><\/li>\n<\/ul>\n<h1 class=\"MsoNormal\">Misi\u00f3n<\/h1>\n<p class=\"MsoNormal\">Formar Ingenieros en Gesti\u00f3n Empresarial competitivos, a trav\u00e9s de una educaci\u00f3n pertinente y de calidad, cimentado en un desarrollo integral, arm\u00f3nico y sustentable que les permita responder a los retos que le demanda la sociedad.<\/p>\n<h1 class=\"MsoNormal\">Visi\u00f3n<\/h1>\n<p class=\"MsoNormal\">Ser un Programa Educativo de excelencia acad\u00e9mica, tecnol\u00f3gica y humana, mediante la mejora continua, de forma sustentable y en\u00a0estrecha vinculaci\u00f3n con la sociedad.<img loading=\"lazy\" decoding=\"async\" class=\" size-full wp-image-15\" src=\"http:\/\/itsloreto.edu.mx\/principal\/wp-content\/uploads\/2014\/10\/interimman.jpg\" alt=\"\" width=\"450\" height=\"337\" srcset=\"https:\/\/itsloreto.edu.mx\/principal\/wp-content\/uploads\/2014\/10\/interimman.jpg 400w, https:\/\/itsloreto.edu.mx\/principal\/wp-content\/uploads\/2014\/10\/interimman-300x225.jpg 300w\" sizes=\"auto, (max-width: 450px) 100vw, 450px\" \/><\/p>\n","protected":false},"excerpt":{"rendered":"<p>\u00a0Objetivo de\u00a0la carrera \u00a0 \u00a0\u00a0 \u00a0 \u00a0 \u00a0 \u00a0 \u00a0 \u00a0 \u00a0 Formar integralmente profesionales que contribuyan a la gesti\u00f3n de empresas e innovaci\u00f3n de procesos; as\u00ed como al dise\u00f1o,&#8230;<\/p>\n<div class=\"more-link-wrapper\"><a class=\"more-link\" href=\"https:\/\/itsloreto.edu.mx\/principal\/ingenieria-en-gestion-empresarial\/\">Leer m\u00e1s<span class=\"screen-reader-text\">Ingenier\u00eda en gesti\u00f3n empresarial<\/span><\/a><\/div>\n","protected":false},"author":1,"featured_media":0,"parent":0,"menu_order":0,"comment_status":"closed","ping_status":"closed","template":"","meta":{"footnotes":""},"class_list":["post-16","page","type-page","status-publish","hentry","excerpt"],"_links":{"self":[{"href":"https:\/\/itsloreto.edu.mx\/principal\/wp-json\/wp\/v2\/pages\/16","targetHints":{"allow":["GET"]}}],"collection":[{"href":"https:\/\/itsloreto.edu.mx\/principal\/wp-json\/wp\/v2\/pages"}],"about":[{"href":"https:\/\/itsloreto.edu.mx\/principal\/wp-json\/wp\/v2\/types\/page"}],"author":[{"embeddable":true,"href":"https:\/\/itsloreto.edu.mx\/principal\/wp-json\/wp\/v2\/users\/1"}],"replies":[{"embeddable":true,"href":"https:\/\/itsloreto.edu.mx\/principal\/wp-json\/wp\/v2\/comments?post=16"}],"version-history":[{"count":1,"href":"https:\/\/itsloreto.edu.mx\/principal\/wp-json\/wp\/v2\/pages\/16\/revisions"}],"predecessor-version":[{"id":44,"href":"https:\/\/itsloreto.edu.mx\/principal\/wp-json\/wp\/v2\/pages\/16\/revisions\/44"}],"wp:attachment":[{"href":"https:\/\/itsloreto.edu.mx\/principal\/wp-json\/wp\/v2\/media?parent=16"}],"curies":[{"name":"wp","href":"https:\/\/api.w.org\/{rel}","templated":true}]}}