{"id":236,"date":"2018-02-08T17:23:06","date_gmt":"2018-02-08T22:23:06","guid":{"rendered":"http:\/\/itsloreto.edu.mx\/principal\/?page_id=236"},"modified":"2021-06-28T15:06:24","modified_gmt":"2021-06-28T20:06:24","slug":"comite-de-etica","status":"publish","type":"page","link":"https:\/\/itsloreto.edu.mx\/principal\/comite-de-etica\/","title":{"rendered":"Comit\u00e9 de \u00c9tica"},"content":{"rendered":"\n<p><img loading=\"lazy\" decoding=\"async\" width=\"400\" height=\"999\" class=\"wp-image-669\" style=\"width: 400px;\" src=\"https:\/\/itsloreto.edu.mx\/principal\/wp-content\/uploads\/2020\/12\/PAPGISQD.png\" alt=\"\u00e9tica\" srcset=\"https:\/\/itsloreto.edu.mx\/principal\/wp-content\/uploads\/2020\/12\/PAPGISQD.png 293w, https:\/\/itsloreto.edu.mx\/principal\/wp-content\/uploads\/2020\/12\/PAPGISQD-120x300.png 120w\" sizes=\"auto, (max-width: 400px) 100vw, 400px\" \/><\/p>\n\n\n\n<p>aaa<\/p>\n\n\n<h1>\u00a0<\/h1>\n<h1>Integrantes del Comit\u00e9 de \u00c9tica.<\/h1>\n<table width=\"772\">\n<thead>\n<tr>\n<td width=\"199\"><strong>Integrantes<\/strong><\/td>\n<td width=\"152\"><strong>Puesto en el Comit\u00e9<\/strong><\/td>\n<td width=\"217\"><strong>Correo electr\u00f3nico Institucional<\/strong><\/td>\n<td width=\"121\"><strong>Tel\u00e9fono Oficial<\/strong><\/td>\n<td width=\"83\"><strong>Extensi\u00f3n<\/strong><\/td>\n<\/tr>\n<\/thead>\n<tbody>\n<tr>\n<td width=\"199\">Aar\u00f3n Eduardo Montiel Gayt\u00e1n<\/td>\n<td width=\"152\">Coordinado del Comit\u00e9<\/td>\n<td width=\"217\">tec_loreto@yhaoo.com.mx<\/td>\n<td width=\"121\">\n<p style=\"text-align: right;\">(496)9625151<\/p>\n<\/td>\n<td width=\"83\">\n<p style=\"text-align: right;\">0<\/p>\n<\/td>\n<\/tr>\n<tr>\n<td width=\"199\">Fabian Ruiz Cruz<\/td>\n<td width=\"152\">Enlace<\/td>\n<td width=\"217\">plan_dloreto@tecnm.mx<\/td>\n<td width=\"121\">\n<p style=\"text-align: right;\">(496)9625151<\/p>\n<\/td>\n<td width=\"83\">\n<p style=\"text-align: right;\">0<\/p>\n<\/td>\n<\/tr>\n<tr>\n<td width=\"199\">Estefan\u00eda Mart\u00ednez Villalobos<\/td>\n<td width=\"152\">Vocal<\/td>\n<td width=\"217\">pl_dloreto@tecnm.mx<\/td>\n<td width=\"121\">\n<p style=\"text-align: right;\">(496)9625151<\/p>\n<\/td>\n<td width=\"83\">\n<p style=\"text-align: right;\">0<\/p>\n<\/td>\n<\/tr>\n<tr>\n<td width=\"199\">Beatriz Adriana Guel Contreras<\/td>\n<td width=\"152\">Vocal<\/td>\n<td width=\"217\">tec_loreto@yhaoo.com.mx<\/td>\n<td width=\"121\">\n<p style=\"text-align: right;\">(496)9625151<\/p>\n<\/td>\n<td width=\"83\">\n<p style=\"text-align: right;\">0<\/p>\n<\/td>\n<\/tr>\n<tr>\n<td width=\"199\">Christian Mart\u00ednez D\u00e1vila<\/td>\n<td width=\"152\">Vocal<\/td>\n<td width=\"217\">tec_loreto@yhaoo.com.mx<\/td>\n<td width=\"121\">\n<p style=\"text-align: right;\">(496)9625151<\/p>\n<\/td>\n<td width=\"83\">\n<p style=\"text-align: right;\">0<\/p>\n<\/td>\n<\/tr>\n<\/tbody>\n<\/table>\n<h1>C\u00f3digo de \u00e9tica de las personas servidoras p\u00fablicas del gobierno federal<\/h1>\n<a href=\"https:\/\/itsloreto.edu.mx\/principal\/wp-content\/uploads\/2020\/12\/Codigo-de-Etica-SFP-Julio-2020.pdf\" class=\"pdfemb-viewer\" style=\"\" data-width=\"max\" data-height=\"max\" data-toolbar=\"bottom\" data-toolbar-fixed=\"off\">C\u00f3digo de \u00e9tica de las personas servidoras p\u00fablicas del gobierno federal<\/a>\n<h1>C\u00f3digo de \u00e9tica de los servidores p\u00fablicos de la administraci\u00f3n publica del estado.<\/h1>\n<a href=\"https:\/\/itsloreto.edu.mx\/principal\/wp-content\/uploads\/2019\/11\/C\u00f3digo-de-\u00c9tica-para-las-Personas-Servidoras-P\u00fablicas-del-Estado-de-Zacatecas_2019.pdf\" class=\"pdfemb-viewer\" style=\"\" data-width=\"max\" data-height=\"max\" data-toolbar=\"bottom\" data-toolbar-fixed=\"off\">C\u00f3digo de \u00e9tica de los servidores p\u00fablicos<\/a>\n<h1>C\u00f3digo de \u00e9tica y conducta del TecNM.<\/h1>\n<a href=\"https:\/\/itsloreto.edu.mx\/principal\/wp-content\/uploads\/2018\/06\/Codigo-de-etica-y-conducta-TecNM.pdf\" class=\"pdfemb-viewer\" style=\"\" data-width=\"max\" data-height=\"max\" data-toolbar=\"bottom\" data-toolbar-fixed=\"off\">Codigo de etica y conducta TecNM<\/a>\n<h1>Formato de quejas y sugerencias.<\/h1>\n<p><a href=\"http:\/\/itsloreto.edu.mx\/principal\/wp-content\/uploads\/2018\/06\/Formato-de-quejas-sugerencias-o-felicitaciones.docx\">Descargue el formato aqu\u00ed.<\/a><\/p>\n<p><a href=\"https:\/\/itsloreto.edu.mx\/principal\/wp-content\/uploads\/2021\/06\/TecNM-GIG-AHS-02_Form_Denuncia.docx\" target=\"_blank\" rel=\"noopener noreferrer\">Acoso y Hostigamiento Sexual (Formato de denuncia)<\/a><\/p>\n\n\n<figure class=\"wp-block-image size-large\"><img decoding=\"async\" src=\"https:\/\/www.tecnm.mx\/dir_calidad\/gestion_igualdad\/Politica_Breve.jpg\" alt=\"\"\/><\/figure>\n\n\n\n<figure class=\"wp-block-image size-large\"><img decoding=\"async\" src=\"https:\/\/www.tecnm.mx\/images\/dir_calidad\/certificado.png\" alt=\"\"\/><\/figure>\n\n\n<a href=\"https:\/\/itsloreto.edu.mx\/principal\/wp-content\/uploads\/2021\/06\/PRONTUARIO_Difusion_Digital.pdf\" class=\"pdfemb-viewer\" style=\"\" data-width=\"max\" data-height=\"max\" data-toolbar=\"bottom\" data-toolbar-fixed=\"off\">PRONTUARIO_Difusion_Digital<\/a>\n<p class=\"wp-block-pdfemb-pdf-embedder-viewer\"><\/p>\n\n\n<a href=\"https:\/\/itsloreto.edu.mx\/principal\/wp-content\/uploads\/2021\/06\/Pronunciamiento-Cero-Tolerancia-al-Hostigamiento-y-Acoso-Sexual-en-el-TecNM.pdf\" class=\"pdfemb-viewer\" style=\"\" data-width=\"max\" data-height=\"max\" data-toolbar=\"bottom\" data-toolbar-fixed=\"off\">Pronunciamiento-Cero-Tolerancia-al-Hostigamiento-y-Acoso-Sexual-en-el-TecNM<\/a>\n<p class=\"wp-block-pdfemb-pdf-embedder-viewer\"><\/p>\n\n\n\n<p><\/p>\n","protected":false},"excerpt":{"rendered":"<p>aaa \u00a0 Integrantes del Comit\u00e9 de \u00c9tica. Integrantes Puesto en el Comit\u00e9 Correo electr\u00f3nico Institucional Tel\u00e9fono Oficial Extensi\u00f3n Aar\u00f3n Eduardo Montiel Gayt\u00e1n Coordinado del Comit\u00e9 tec_loreto@yhaoo.com.mx (496)9625151 0 Fabian Ruiz&#8230;<\/p>\n<div class=\"more-link-wrapper\"><a class=\"more-link\" href=\"https:\/\/itsloreto.edu.mx\/principal\/comite-de-etica\/\">Leer m\u00e1s<span class=\"screen-reader-text\">Comit\u00e9 de \u00c9tica<\/span><\/a><\/div>\n","protected":false},"author":1,"featured_media":0,"parent":0,"menu_order":0,"comment_status":"closed","ping_status":"closed","template":"","meta":{"footnotes":""},"class_list":["post-236","page","type-page","status-publish","hentry","excerpt"],"_links":{"self":[{"href":"https:\/\/itsloreto.edu.mx\/principal\/wp-json\/wp\/v2\/pages\/236","targetHints":{"allow":["GET"]}}],"collection":[{"href":"https:\/\/itsloreto.edu.mx\/principal\/wp-json\/wp\/v2\/pages"}],"about":[{"href":"https:\/\/itsloreto.edu.mx\/principal\/wp-json\/wp\/v2\/types\/page"}],"author":[{"embeddable":true,"href":"https:\/\/itsloreto.edu.mx\/principal\/wp-json\/wp\/v2\/users\/1"}],"replies":[{"embeddable":true,"href":"https:\/\/itsloreto.edu.mx\/principal\/wp-json\/wp\/v2\/comments?post=236"}],"version-history":[{"count":27,"href":"https:\/\/itsloreto.edu.mx\/principal\/wp-json\/wp\/v2\/pages\/236\/revisions"}],"predecessor-version":[{"id":838,"href":"https:\/\/itsloreto.edu.mx\/principal\/wp-json\/wp\/v2\/pages\/236\/revisions\/838"}],"wp:attachment":[{"href":"https:\/\/itsloreto.edu.mx\/principal\/wp-json\/wp\/v2\/media?parent=236"}],"curies":[{"name":"wp","href":"https:\/\/api.w.org\/{rel}","templated":true}]}}